 base 4, what is 2121222 + 10?
2121232
In base 4, what is 1130 - -101?
1231
In base 3, what is -112202 + 22?
-112110
In base 9, what is -3 + -121?
-124
In base 10, what is -446 - 3?
-449
In base 9, what is 28 + 33?
62
In base 2, what is -10001 + -101?
-10110
In base 5, what is 1124 + -4?
1120
In base 7, what is -2022 - 0?
-2022
In base 4, what is -11 + -1231?
-1302
In base 3, what is -220220 - -11?
-220202
In base 16, what is -6d + -1?
-6e
In base 9, what is 24 + 10?
34
In base 2, what is -10100 + 10?
-10010
In base 12, what is -2 + 2a?
28
In base 7, what is 36 + -1032?
-663
In base 9, what is 3410 - 5?
3404
In base 10, what is -31 - -18?
-13
In base 7, what is 611 + 25?
636
In base 7, what is 3 + -2550?
-2544
In base 15, what is d8 - -17?
100
In base 4, what is -221 + 113?
-102
In base 5, what is -22 + 2344?
2322
In base 2, what is 110 + 110100110001?
110100110111
In base 16, what is -1a + -11?
-2b
In base 14, what is -b4a + 5?
-b45
In base 7, what is -5 + -2562?
-2600
In base 4, what is 12123 - 3?
12120
In base 4, what is 1 + 12011?
12012
In base 7, what is -2 - 45?
-50
In base 3, what is 0 + 11000?
11000
In base 9, what is -81 + -48?
-140
In base 3, what is 10 - -1111211?
1111221
In base 4, what is -312 + -3?
-321
In base 2, what is -100 - -11100?
11000
In base 15, what is -8e6 + -4?
-8ea
In base 14, what is -1a + -5?
-21
In base 2, what is 10011 + -110?
1101
In base 10, what is 7 - -2777?
2784
In base 7, what is 2 + 112?
114
In base 6, what is 32 - -1?
33
In base 10, what is -2 + -138?
-140
In base 15, what is 190 - -20?
1b0
In base 3, what is -10 - -11202100?
11202020
In base 9, what is -5 - -24?
18
In base 5, what is -102 - 221?
-323
In base 2, what is 0 - -100111?
100111
In base 13, what is 1 + -144?
-143
In base 13, what is 2 + -392?
-390
In base 16, what is -42 + 8?
-3a
In base 13, what is -2 - -646?
644
In base 2, what is 1 - 100010?
-100001
In base 16, what is 20f + 3?
212
In base 11, what is 3 - -a2?
a5
In base 5, what is -4 - 231?
-240
In base 14, what is -14 + -4?
-18
In base 15, what is -8 + 54?
4b
In base 5, what is -21 + 11?
-10
In base 4, what is -323331 - 11?
-330002
In base 3, what is 11102 + -2011?
2021
In base 3, what is -1200 + 11?
-1112
In base 5, what is 110 - -111?
221
In base 2, what is -111010 + 10?
-111000
In base 12, what is 2 - -165?
167
In base 12, what is 2 + 5aa?
5b0
In base 7, what is 133 - -155?
321
In base 9, what is 4 - 844?
-840
In base 15, what is 518 + -4?
514
In base 8, what is -420 + -13?
-433
In base 2, what is 11110001 - 11011?
11010110
In base 16, what is 13 + -33?
-20
In base 5, what is -134333 + 10?
-134323
In base 7, what is -11 + 100?
56
In base 12, what is 5ab - 1?
5aa
In base 10, what is 219 - 13?
206
In base 10, what is 252 + 5?
257
In base 4, what is 1 + 1112020?
1112021
In base 8, what is 2 - 1500?
-1476
In base 10, what is 2 - 28?
-26
In base 9, what is -5 - 74?
-80
In base 6, what is -131 - -103?
-24
In base 13, what is b9a - -3?
ba0
In base 4, what is 11 - 23?
-12
In base 15, what is -32 + 5?
-2c
In base 11, what is 8 - 58?
-50
In base 11, what is -1 + -577?
-578
In base 9, what is 117 - 10?
107
In base 12, what is 8a + 1a?
a8
In base 14, what is -47 - 2?
-49
In base 8, what is 1222 + -1?
1221
In base 13, what is 2 - 8c?
-8a
In base 8, what is 1257 - 2?
1255
In base 5, what is 202 + -4?
143
In base 13, what is -6 + -488?
-491
In base 13, what is -1 - -309?
308
In base 9, what is 2245 - 2?
2243
In base 5, what is -42 - 141?
-233
In base 16, what is 3 - 547?
-544
In base 2, what is 1011101000 - -11?
1011101011
In base 16, what is -12a - -1?
-129
In base 13, what is -6a + 2?
-68
In base 14, what is 265 + 8?
26d
In base 6, what is -141 + -3?
-144
In base 5, what is 1030322 + -10?
1030312
In base 10, what is -3 - 48?
-51
In base 5, what is 1024 - -3?
1032
In base 3, what is 12 + -11?
1
In base 3, what is -2121 + 12?
-2102
In base 4, what is -212010 + -2?
-212012
In base 2, what is -10110 + 110110?
100000
In base 15, what is -51 + 15?
-3b
In base 10, what is 0 - -496?
496
In base 7, what is 1234 - -1?
1235
In base 14, what is 5 + -c2?
-bb
In base 9, what is -132 - 6?
-138
In base 2, what is -100001010 - 10101?
-100011111
In base 3, what is 122210 - -2?
122212
In base 2, what is -100 + -11111101?
-100000001
In base 10, what is 5311 + -1?
5310
In base 15, what is 520 - 1?
51e
In base 10, what is -7042 - -5?
-7037
In base 5, what is 400120 - 2?
400113
In base 7, what is -3 - 5?
-11
In base 3, what is 200210 - 10?
200200
In base 11, what is 0 - 44?
-44
In base 12, what is 35 - 11?
24
In base 12, what is 35 - 3?
32
In base 16, what is -45d - 10?
-46d
In base 11, what is 3a + 67?
a6
In base 10, what is 1762 - 4?
1758
In base 2, what is -10 + -1011001111?
-1011010001
In base 6, what is -3 - 3420?
-3423
In base 3, what is 102 + 22021?
22200
In base 12, what is -5 + -392?
-397
In base 2, what is -101 + 101000?
100011
In base 10, what is -960 + 3?
-957
In base 10, what is -5 + -1495?
-1500
In base 6, what is 2 + -42224?
-42222
In base 3, what is 122 - -1112?
2011
In base 16, what is 10 + 1c?
2c
In base 10, what is -32 + 1?
-31
In base 7, what is -10065 + -1?
-10066
In base 13, what is -202 - 1?
-203
In base 10, what is -5316 - 5?
-5321
In base 6, what is 1211 - 4?
1203
In base 5, what is 2112 - 1?
2111
In base 11, what is 1a84 - -2?
1a86
In base 11, what is 19 - 28?
-a
In base 16, what is 5 + -44?
-3f
In base 2, what is 111000101011 - -1?
111000101100
In base 2, what is 11001110 - -11?
11010001
In base 3, what is 1 - -1010?
1011
In base 4, what is 122231 - 10?
122221
In base 2, what is 1001001 - -101?
1001110
In base 9, what is 210 - -3?
213
In base 6, what is 0 + 5?
5
In base 12, what is 20 + 39?
59
In base 10, what is 62 - 198?
-136
In base 4, what is 202 - -101313?
102121
In base 9, what is -3 - 125?
-128
In base 8, what is 5 - 147?
-142
In base 8, what is -1653 - -13?
-1640
In base 4, what is -3 + -11022?
-11031
In base 4, what is -230312 + -11?
-230323
In base 9, what is 2875 + 5?
2881
In base 12, what is 2 + -3?
-1
In base 15, what is 1 + 53?
54
In base 2, what is 101 - -1000101?
1001010
In base 4, what is 1210113 - 1?
1210112
In base 2, what is 1001101100 + 1?
1001101101
In base 6, what is -50 - 452?
-542
In base 4, what is -230 - -2102?
1212
In base 6, what is -5 - 30?
-35
In base 9, what is 688 - 6?
682
In base 12, what is 66 + 2?
68
In base 13, what is 4 + -106?
-102
In base 7, what is 122 - 36?
53
In base 16, what is -13 + -19e?
-1b1
In base 8, what is 1060 - -1?
1061
In base 14, what is -ad + 1c?
-91
In base 5, what is 31 + -20?
11
In base 2, what is 101001110 - 10011?
100111011
In base 7, what is 6 + 1256?
1265
In base 14, what is -4 + 97?
93
In base 13, what is 8 + 6?
11
In base 7, what is 541 + 20?
561
In base 7, what is 441 - 13?
425
In base 5, what is 31420 + 1?
31421
In base 11, what is 227 + 1?
228
In base 7, what is -4 + 25?
21
In base 7, what is 1444 + 2?
1446
In base 11, what is -3987 - 0?
-3987
In base 16, what is 8a + -4?
86
In base 12, what is -50 - -16?
-36
In base 13, what is 7 + 14b?
155
In base 2, what is -1011101110 + 10?
-1011101100
In base 15, what is -e - 20?
-2e
In base 16, what is -155 - 3b?
-190
In base 15, what is -27 - 27?
-4e
In base 9, what is -1 + 32?
31
In base 4, what is 0 - -2302?
2302
In base 6, what is -2 + -43120?
-43122
In base 7, what is -535 - 3?
-541
In base 3, what is 12 - 1000?
-211
In base 15, what is -30 + -c?
-3c
In base 8, what is -120 + 5?
-113
In base 8, what is -4 - -51?
45
In base 7, what is 4 - 636?
-632
In base 7, what is 4 + -10?
-3
In base 10, what is 1286 + -15?
1271
In base 10, what is -1593 - -3?
-1590
In base 12, what is 6 - 478?
-472
In base 6, what is 20 - -5?
25
In base 9, what is -3102 - 0?
-3102
In base 5, what is -402 + 4?
-343
In base 4, what is -1223 - 1220?
-3103
In base 16, what is -82 + -5e?
-e0
In base 8, what is 501 + -4?
475
In base 6, what is -332 - 0?
-332
In base 10, what is 105 + 3?
108
In base 13, what is -6c + 3?
-69
In base 7, what is -4312 - 2?
-4314
In base 9, what is -3 + -881?
-884
In base 16, what is -1 - -1e0?
1df
In base 5, what is -1 + 33424?
33423
In base 11, what is 4 - -3?
7
In base 14, what is -1 + 34?
33
In base 4, what is -12222 - -3?
-12213
In base 10, what is 64 + -8?
56
In base 8, what is -11